{"id":726,"date":"2023-11-27T11:46:13","date_gmt":"2023-11-27T11:46:13","guid":{"rendered":"https:\/\/ibizaexplorer.com\/?post_type=barcos&#038;p=726"},"modified":"2025-04-21T18:58:17","modified_gmt":"2025-04-21T16:58:17","slug":"louez-bateau-ibiza-capelli-700","status":"publish","type":"barcos","link":"https:\/\/ibizaexplorer.com\/fr\/bateau\/location-bateau-ibiza-capelli-tempest-700\/","title":{"rendered":"LOCATION DE BATEAU \u00c0 IBIZA &#8211; CAPELLI TEMPEST 700"},"content":{"rendered":"\n<h2 class=\"wp-block-heading\">Louez le Capelli Tempest 700 et explorez Ibiza en libert\u00e9<\/h2>\n\n\n\n<p>Louez bateau Ibiza Capelli pour vivre une exp\u00e9rience unique en mer.<\/p>\n\n\n\n<p>Explorez les criques secr\u00e8tes d\u2019Ibiza et Formentera \u00e0 bord du Tempest 700.<\/p>\n\n\n\n<p>Profitez d\u2019un bateau puissant, confortable et spacieux, id\u00e9al pour 12 personnes.<\/p>\n\n\n\n<p>Naviguez seul avec un permis ou d\u00e9tendez-vous gr\u00e2ce \u00e0 un skipper exp\u00e9riment\u00e9.<\/p>\n\n\n\n<p><\/p>\n","protected":false},"featured_media":7161,"parent":0,"menu_order":168,"template":"","tipo-de-barco":[84,22],"ubicacion-barco":[86,25],"licencia":[92,29],"class_list":["post-726","barcos","type-barcos","status-publish","has-post-thumbnail","hentry","tipo-de-barco-bateaux-a-moteur-yachts","tipo-de-barco-motor-boats-yachts","ubicacion-barco-ibiza-town-fr","ubicacion-barco-ibiza-town","licencia-bateau-sous-licence","licencia-licensed-boat"],"yoast_head":"<!-- This site is optimized with the Yoast SEO plugin v27.4 - https:\/\/yoast.com\/product\/yoast-seo-wordpress\/ -->\n<title>Louez bateau Ibiza Capelli \u2013 Tempest 700, 12 pers max<\/title>\n<meta name=\"description\" content=\"Louez bateau Ibiza Capelli pour 8h de navigation. Confort, style et libert\u00e9 avec ou sans skipper, d\u00e9part depuis le port d\u2019Ibiza.\" \/>\n<meta name=\"robots\" content=\"index, follow, max-snippet:-1, max-image-preview:large, max-video-preview:-1\" \/>\n<link rel=\"canonical\" href=\"https:\/\/ibizaexplorer.com\/fr\/bateau\/location-bateau-ibiza-capelli-tempest-700\/\" \/>\n<meta property=\"og:locale\" content=\"fr_FR\" \/>\n<meta property=\"og:type\" content=\"article\" \/>\n<meta property=\"og:title\" content=\"Louez bateau Ibiza Capelli \u2013 Tempest 700, 12 pers max\" \/>\n<meta property=\"og:description\" content=\"Louez bateau Ibiza Capelli pour 8h de navigation. Confort, style et libert\u00e9 avec ou sans skipper, d\u00e9part depuis le port d\u2019Ibiza.\" \/>\n<meta property=\"og:url\" content=\"https:\/\/ibizaexplorer.com\/fr\/bateau\/location-bateau-ibiza-capelli-tempest-700\/\" \/>\n<meta property=\"og:site_name\" content=\"IbizaExplorer\" \/>\n<meta property=\"article:publisher\" content=\"https:\/\/www.facebook.com\/people\/Ibiza-Explorer\/61554155201270\" \/>\n<meta property=\"article:modified_time\" content=\"2025-04-21T16:58:17+00:00\" \/>\n<meta property=\"og:image\" content=\"https:\/\/ibizaexplorer.com\/wp-content\/uploads\/2023\/11\/location-bateau-ibiza-capelli-tempest-700.jpeg\" \/>\n\t<meta property=\"og:image:width\" content=\"1920\" \/>\n\t<meta property=\"og:image:height\" content=\"1080\" \/>\n\t<meta property=\"og:image:type\" content=\"image\/jpeg\" \/>\n<meta name=\"twitter:card\" content=\"summary_large_image\" \/>\n<meta name=\"twitter:label1\" content=\"Dur\u00e9e de lecture estim\u00e9e\" \/>\n\t<meta name=\"twitter:data1\" content=\"1 minute\" \/>\n<script type=\"application\/ld+json\" class=\"yoast-schema-graph\">{\"@context\":\"https:\\\/\\\/schema.org\",\"@graph\":[{\"@type\":\"WebPage\",\"@id\":\"https:\\\/\\\/ibizaexplorer.com\\\/fr\\\/bateau\\\/location-bateau-ibiza-capelli-tempest-700\\\/\",\"url\":\"https:\\\/\\\/ibizaexplorer.com\\\/fr\\\/bateau\\\/location-bateau-ibiza-capelli-tempest-700\\\/\",\"name\":\"Louez bateau Ibiza Capelli \u2013 Tempest 700, 12 pers max\",\"isPartOf\":{\"@id\":\"https:\\\/\\\/ibizaexplorer.com\\\/fr\\\/#website\"},\"primaryImageOfPage\":{\"@id\":\"https:\\\/\\\/ibizaexplorer.com\\\/fr\\\/bateau\\\/location-bateau-ibiza-capelli-tempest-700\\\/#primaryimage\"},\"image\":{\"@id\":\"https:\\\/\\\/ibizaexplorer.com\\\/fr\\\/bateau\\\/location-bateau-ibiza-capelli-tempest-700\\\/#primaryimage\"},\"thumbnailUrl\":\"https:\\\/\\\/ibizaexplorer.com\\\/wp-content\\\/uploads\\\/2023\\\/11\\\/location-bateau-ibiza-capelli-tempest-700.jpeg\",\"datePublished\":\"2023-11-27T11:46:13+00:00\",\"dateModified\":\"2025-04-21T16:58:17+00:00\",\"description\":\"Louez bateau Ibiza Capelli pour 8h de navigation. Confort, style et libert\u00e9 avec ou sans skipper, d\u00e9part depuis le port d\u2019Ibiza.\",\"breadcrumb\":{\"@id\":\"https:\\\/\\\/ibizaexplorer.com\\\/fr\\\/bateau\\\/location-bateau-ibiza-capelli-tempest-700\\\/#breadcrumb\"},\"inLanguage\":\"fr-FR\",\"potentialAction\":[{\"@type\":\"ReadAction\",\"target\":[\"https:\\\/\\\/ibizaexplorer.com\\\/fr\\\/bateau\\\/location-bateau-ibiza-capelli-tempest-700\\\/\"]}]},{\"@type\":\"ImageObject\",\"inLanguage\":\"fr-FR\",\"@id\":\"https:\\\/\\\/ibizaexplorer.com\\\/fr\\\/bateau\\\/location-bateau-ibiza-capelli-tempest-700\\\/#primaryimage\",\"url\":\"https:\\\/\\\/ibizaexplorer.com\\\/wp-content\\\/uploads\\\/2023\\\/11\\\/location-bateau-ibiza-capelli-tempest-700.jpeg\",\"contentUrl\":\"https:\\\/\\\/ibizaexplorer.com\\\/wp-content\\\/uploads\\\/2023\\\/11\\\/location-bateau-ibiza-capelli-tempest-700.jpeg\",\"width\":1920,\"height\":1080,\"caption\":\"Bateau Capelli Tempest 700 naviguant sur les eaux d\u2019Ibiza\"},{\"@type\":\"BreadcrumbList\",\"@id\":\"https:\\\/\\\/ibizaexplorer.com\\\/fr\\\/bateau\\\/location-bateau-ibiza-capelli-tempest-700\\\/#breadcrumb\",\"itemListElement\":[{\"@type\":\"ListItem\",\"position\":1,\"name\":\"Home\",\"item\":\"https:\\\/\\\/ibizaexplorer.com\\\/\"},{\"@type\":\"ListItem\",\"position\":2,\"name\":\"Barcos\",\"item\":\"https:\\\/\\\/ibizaexplorer.com\\\/boats\\\/\"},{\"@type\":\"ListItem\",\"position\":3,\"name\":\"LOCATION DE BATEAU \u00c0 IBIZA &#8211; CAPELLI TEMPEST 700\"}]},{\"@type\":\"WebSite\",\"@id\":\"https:\\\/\\\/ibizaexplorer.com\\\/fr\\\/#website\",\"url\":\"https:\\\/\\\/ibizaexplorer.com\\\/fr\\\/\",\"name\":\"Ibizaexplorer.com\",\"description\":\"Alquiler de barcos en Ibiza\",\"publisher\":{\"@id\":\"https:\\\/\\\/ibizaexplorer.com\\\/fr\\\/#organization\"},\"potentialAction\":[{\"@type\":\"SearchAction\",\"target\":{\"@type\":\"EntryPoint\",\"urlTemplate\":\"https:\\\/\\\/ibizaexplorer.com\\\/fr\\\/?s={search_term_string}\"},\"query-input\":{\"@type\":\"PropertyValueSpecification\",\"valueRequired\":true,\"valueName\":\"search_term_string\"}}],\"inLanguage\":\"fr-FR\"},{\"@type\":\"Organization\",\"@id\":\"https:\\\/\\\/ibizaexplorer.com\\\/fr\\\/#organization\",\"name\":\"Ibiza Explorer\",\"url\":\"https:\\\/\\\/ibizaexplorer.com\\\/fr\\\/\",\"logo\":{\"@type\":\"ImageObject\",\"inLanguage\":\"fr-FR\",\"@id\":\"https:\\\/\\\/ibizaexplorer.com\\\/fr\\\/#\\\/schema\\\/logo\\\/image\\\/\",\"url\":\"https:\\\/\\\/ibizaexplorer.com\\\/wp-content\\\/uploads\\\/2025\\\/03\\\/96125_IBIZA-EXPLORER_Flat_RT_KC_15-scaled.webp\",\"contentUrl\":\"https:\\\/\\\/ibizaexplorer.com\\\/wp-content\\\/uploads\\\/2025\\\/03\\\/96125_IBIZA-EXPLORER_Flat_RT_KC_15-scaled.webp\",\"width\":2560,\"height\":1463,\"caption\":\"Ibiza Explorer\"},\"image\":{\"@id\":\"https:\\\/\\\/ibizaexplorer.com\\\/fr\\\/#\\\/schema\\\/logo\\\/image\\\/\"},\"sameAs\":[\"https:\\\/\\\/www.facebook.com\\\/people\\\/Ibiza-Explorer\\\/61554155201270\"]}]}<\/script>\n<!-- \/ Yoast SEO plugin. -->","yoast_head_json":{"title":"Louez bateau Ibiza Capelli \u2013 Tempest 700, 12 pers max","description":"Louez bateau Ibiza Capelli pour 8h de navigation. Confort, style et libert\u00e9 avec ou sans skipper, d\u00e9part depuis le port d\u2019Ibiza.","robots":{"index":"index","follow":"follow","max-snippet":"max-snippet:-1","max-image-preview":"max-image-preview:large","max-video-preview":"max-video-preview:-1"},"canonical":"https:\/\/ibizaexplorer.com\/fr\/bateau\/location-bateau-ibiza-capelli-tempest-700\/","og_locale":"fr_FR","og_type":"article","og_title":"Louez bateau Ibiza Capelli \u2013 Tempest 700, 12 pers max","og_description":"Louez bateau Ibiza Capelli pour 8h de navigation. Confort, style et libert\u00e9 avec ou sans skipper, d\u00e9part depuis le port d\u2019Ibiza.","og_url":"https:\/\/ibizaexplorer.com\/fr\/bateau\/location-bateau-ibiza-capelli-tempest-700\/","og_site_name":"IbizaExplorer","article_publisher":"https:\/\/www.facebook.com\/people\/Ibiza-Explorer\/61554155201270","article_modified_time":"2025-04-21T16:58:17+00:00","og_image":[{"width":1920,"height":1080,"url":"https:\/\/ibizaexplorer.com\/wp-content\/uploads\/2023\/11\/location-bateau-ibiza-capelli-tempest-700.jpeg","type":"image\/jpeg"}],"twitter_card":"summary_large_image","twitter_misc":{"Dur\u00e9e de lecture estim\u00e9e":"1 minute"},"schema":{"@context":"https:\/\/schema.org","@graph":[{"@type":"WebPage","@id":"https:\/\/ibizaexplorer.com\/fr\/bateau\/location-bateau-ibiza-capelli-tempest-700\/","url":"https:\/\/ibizaexplorer.com\/fr\/bateau\/location-bateau-ibiza-capelli-tempest-700\/","name":"Louez bateau Ibiza Capelli \u2013 Tempest 700, 12 pers max","isPartOf":{"@id":"https:\/\/ibizaexplorer.com\/fr\/#website"},"primaryImageOfPage":{"@id":"https:\/\/ibizaexplorer.com\/fr\/bateau\/location-bateau-ibiza-capelli-tempest-700\/#primaryimage"},"image":{"@id":"https:\/\/ibizaexplorer.com\/fr\/bateau\/location-bateau-ibiza-capelli-tempest-700\/#primaryimage"},"thumbnailUrl":"https:\/\/ibizaexplorer.com\/wp-content\/uploads\/2023\/11\/location-bateau-ibiza-capelli-tempest-700.jpeg","datePublished":"2023-11-27T11:46:13+00:00","dateModified":"2025-04-21T16:58:17+00:00","description":"Louez bateau Ibiza Capelli pour 8h de navigation. Confort, style et libert\u00e9 avec ou sans skipper, d\u00e9part depuis le port d\u2019Ibiza.","breadcrumb":{"@id":"https:\/\/ibizaexplorer.com\/fr\/bateau\/location-bateau-ibiza-capelli-tempest-700\/#breadcrumb"},"inLanguage":"fr-FR","potentialAction":[{"@type":"ReadAction","target":["https:\/\/ibizaexplorer.com\/fr\/bateau\/location-bateau-ibiza-capelli-tempest-700\/"]}]},{"@type":"ImageObject","inLanguage":"fr-FR","@id":"https:\/\/ibizaexplorer.com\/fr\/bateau\/location-bateau-ibiza-capelli-tempest-700\/#primaryimage","url":"https:\/\/ibizaexplorer.com\/wp-content\/uploads\/2023\/11\/location-bateau-ibiza-capelli-tempest-700.jpeg","contentUrl":"https:\/\/ibizaexplorer.com\/wp-content\/uploads\/2023\/11\/location-bateau-ibiza-capelli-tempest-700.jpeg","width":1920,"height":1080,"caption":"Bateau Capelli Tempest 700 naviguant sur les eaux d\u2019Ibiza"},{"@type":"BreadcrumbList","@id":"https:\/\/ibizaexplorer.com\/fr\/bateau\/location-bateau-ibiza-capelli-tempest-700\/#breadcrumb","itemListElement":[{"@type":"ListItem","position":1,"name":"Home","item":"https:\/\/ibizaexplorer.com\/"},{"@type":"ListItem","position":2,"name":"Barcos","item":"https:\/\/ibizaexplorer.com\/boats\/"},{"@type":"ListItem","position":3,"name":"LOCATION DE BATEAU \u00c0 IBIZA &#8211; CAPELLI TEMPEST 700"}]},{"@type":"WebSite","@id":"https:\/\/ibizaexplorer.com\/fr\/#website","url":"https:\/\/ibizaexplorer.com\/fr\/","name":"Ibizaexplorer.com","description":"Alquiler de barcos en Ibiza","publisher":{"@id":"https:\/\/ibizaexplorer.com\/fr\/#organization"},"potentialAction":[{"@type":"SearchAction","target":{"@type":"EntryPoint","urlTemplate":"https:\/\/ibizaexplorer.com\/fr\/?s={search_term_string}"},"query-input":{"@type":"PropertyValueSpecification","valueRequired":true,"valueName":"search_term_string"}}],"inLanguage":"fr-FR"},{"@type":"Organization","@id":"https:\/\/ibizaexplorer.com\/fr\/#organization","name":"Ibiza Explorer","url":"https:\/\/ibizaexplorer.com\/fr\/","logo":{"@type":"ImageObject","inLanguage":"fr-FR","@id":"https:\/\/ibizaexplorer.com\/fr\/#\/schema\/logo\/image\/","url":"https:\/\/ibizaexplorer.com\/wp-content\/uploads\/2025\/03\/96125_IBIZA-EXPLORER_Flat_RT_KC_15-scaled.webp","contentUrl":"https:\/\/ibizaexplorer.com\/wp-content\/uploads\/2025\/03\/96125_IBIZA-EXPLORER_Flat_RT_KC_15-scaled.webp","width":2560,"height":1463,"caption":"Ibiza Explorer"},"image":{"@id":"https:\/\/ibizaexplorer.com\/fr\/#\/schema\/logo\/image\/"},"sameAs":["https:\/\/www.facebook.com\/people\/Ibiza-Explorer\/61554155201270"]}]}},"_links":{"self":[{"href":"https:\/\/ibizaexplorer.com\/fr\/wp-json\/wp\/v2\/barcos\/726","targetHints":{"allow":["GET"]}}],"collection":[{"href":"https:\/\/ibizaexplorer.com\/fr\/wp-json\/wp\/v2\/barcos"}],"about":[{"href":"https:\/\/ibizaexplorer.com\/fr\/wp-json\/wp\/v2\/types\/barcos"}],"version-history":[{"count":0,"href":"https:\/\/ibizaexplorer.com\/fr\/wp-json\/wp\/v2\/barcos\/726\/revisions"}],"wp:featuredmedia":[{"embeddable":true,"href":"https:\/\/ibizaexplorer.com\/fr\/wp-json\/wp\/v2\/media\/7161"}],"wp:attachment":[{"href":"https:\/\/ibizaexplorer.com\/fr\/wp-json\/wp\/v2\/media?parent=726"}],"wp:term":[{"taxonomy":"tipo-de-barco","embeddable":true,"href":"https:\/\/ibizaexplorer.com\/fr\/wp-json\/wp\/v2\/tipo-de-barco?post=726"},{"taxonomy":"ubicacion-barco","embeddable":true,"href":"https:\/\/ibizaexplorer.com\/fr\/wp-json\/wp\/v2\/ubicacion-barco?post=726"},{"taxonomy":"licencia","embeddable":true,"href":"https:\/\/ibizaexplorer.com\/fr\/wp-json\/wp\/v2\/licencia?post=726"}],"curies":[{"name":"wp","href":"https:\/\/api.w.org\/{rel}","templated":true}]}}

LOCATION DE BATEAU À IBIZA &#8211; CAPELLI TEMPEST 700

<h2 class="wp-block-heading">Louez le Capelli Tempest 700 et explorez Ibiza en liberté</h2>



<p>Louez bateau Ibiza Capelli pour vivre une expérience unique en mer.</p>



<p>Explorez les criques secrètes d’Ibiza et Formentera à bord du Tempest 700.</p>



<p>Profitez d’un bateau puissant, confortable et spacieux, idéal pour 12 personnes.</p>



<p>Naviguez seul avec un permis ou détendez-vous grâce à un skipper expérimenté.</p>



<p></p>

<!-- This site is optimized with the Yoast SEO plugin v27.4 - https://yoast.com/product/yoast-seo-wordpress/ -->
<title>Louez bateau Ibiza Capelli – Tempest 700, 12 pers max</title>
<meta name="description" content="Louez bateau Ibiza Capelli pour 8h de navigation. Confort, style et liberté avec ou sans skipper, départ depuis le port d’Ibiza." />
<meta name="robots" content="index, follow, max-snippet:-1, max-image-preview:large, max-video-preview:-1" />
<link rel="canonical" href="https://ibizaexplorer.com/fr/bateau/location-bateau-ibiza-capelli-tempest-700/" />
<meta property="og:locale" content="fr_FR" />
<meta property="og:type" content="article" />
<meta property="og:title" content="Louez bateau Ibiza Capelli – Tempest 700, 12 pers max" />
<meta property="og:description" content="Louez bateau Ibiza Capelli pour 8h de navigation. Confort, style et liberté avec ou sans skipper, départ depuis le port d’Ibiza." />
<meta property="og:url" content="https://ibizaexplorer.com/fr/bateau/location-bateau-ibiza-capelli-tempest-700/" />
<meta property="og:site_name" content="IbizaExplorer" />
<meta property="article:publisher" content="https://www.facebook.com/people/Ibiza-Explorer/61554155201270" />
<meta property="article:modified_time" content="2025-04-21T16:58:17+00:00" />
<meta property="og:image" content="https://ibizaexplorer.com/wp-content/uploads/2023/11/location-bateau-ibiza-capelli-tempest-700.jpeg" />
	<meta property="og:image:width" content="1920" />
	<meta property="og:image:height" content="1080" />
	<meta property="og:image:type" content="image/jpeg" />
<meta name="twitter:card" content="summary_large_image" />
<meta name="twitter:label1" content="Durée de lecture estimée" />
	<meta name="twitter:data1" content="1 minute" />
<script type="application/ld+json" class="yoast-schema-graph">{"@context":"https:\/\/schema.org","@graph":[{"@type":"WebPage","@id":"https:\/\/ibizaexplorer.com\/fr\/bateau\/location-bateau-ibiza-capelli-tempest-700\/","url":"https:\/\/ibizaexplorer.com\/fr\/bateau\/location-bateau-ibiza-capelli-tempest-700\/","name":"Louez bateau Ibiza Capelli – Tempest 700, 12 pers max","isPartOf":{"@id":"https:\/\/ibizaexplorer.com\/fr\/#website"},"primaryImageOfPage":{"@id":"https:\/\/ibizaexplorer.com\/fr\/bateau\/location-bateau-ibiza-capelli-tempest-700\/#primaryimage"},"image":{"@id":"https:\/\/ibizaexplorer.com\/fr\/bateau\/location-bateau-ibiza-capelli-tempest-700\/#primaryimage"},"thumbnailUrl":"https:\/\/ibizaexplorer.com\/wp-content\/uploads\/2023\/11\/location-bateau-ibiza-capelli-tempest-700.jpeg","datePublished":"2023-11-27T11:46:13+00:00","dateModified":"2025-04-21T16:58:17+00:00","description":"Louez bateau Ibiza Capelli pour 8h de navigation. Confort, style et liberté avec ou sans skipper, départ depuis le port d’Ibiza.","breadcrumb":{"@id":"https:\/\/ibizaexplorer.com\/fr\/bateau\/location-bateau-ibiza-capelli-tempest-700\/#breadcrumb"},"inLanguage":"fr-FR","potentialAction":[{"@type":"ReadAction","target":["https:\/\/ibizaexplorer.com\/fr\/bateau\/location-bateau-ibiza-capelli-tempest-700\/"]}]},{"@type":"ImageObject","inLanguage":"fr-FR","@id":"https:\/\/ibizaexplorer.com\/fr\/bateau\/location-bateau-ibiza-capelli-tempest-700\/#primaryimage","url":"https:\/\/ibizaexplorer.com\/wp-content\/uploads\/2023\/11\/location-bateau-ibiza-capelli-tempest-700.jpeg","contentUrl":"https:\/\/ibizaexplorer.com\/wp-content\/uploads\/2023\/11\/location-bateau-ibiza-capelli-tempest-700.jpeg","width":1920,"height":1080,"caption":"Bateau Capelli Tempest 700 naviguant sur les eaux d’Ibiza"},{"@type":"BreadcrumbList","@id":"https:\/\/ibizaexplorer.com\/fr\/bateau\/location-bateau-ibiza-capelli-tempest-700\/#breadcrumb","itemListElement":[{"@type":"ListItem","position":1,"name":"Home","item":"https:\/\/ibizaexplorer.com\/"},{"@type":"ListItem","position":2,"name":"Barcos","item":"https:\/\/ibizaexplorer.com\/boats\/"},{"@type":"ListItem","position":3,"name":"LOCATION DE BATEAU À IBIZA &#8211; CAPELLI TEMPEST 700"}]},{"@type":"WebSite","@id":"https:\/\/ibizaexplorer.com\/fr\/#website","url":"https:\/\/ibizaexplorer.com\/fr\/","name":"Ibizaexplorer.com","description":"Alquiler de barcos en Ibiza","publisher":{"@id":"https:\/\/ibizaexplorer.com\/fr\/#organization"},"potentialAction":[{"@type":"SearchAction","target":{"@type":"EntryPoint","urlTemplate":"https:\/\/ibizaexplorer.com\/fr\/?s={search_term_string}"},"query-input":{"@type":"PropertyValueSpecification","valueRequired":true,"valueName":"search_term_string"}}],"inLanguage":"fr-FR"},{"@type":"Organization","@id":"https:\/\/ibizaexplorer.com\/fr\/#organization","name":"Ibiza Explorer","url":"https:\/\/ibizaexplorer.com\/fr\/","logo":{"@type":"ImageObject","inLanguage":"fr-FR","@id":"https:\/\/ibizaexplorer.com\/fr\/#\/schema\/logo\/image\/","url":"https:\/\/ibizaexplorer.com\/wp-content\/uploads\/2025\/03\/96125_IBIZA-EXPLORER_Flat_RT_KC_15-scaled.webp","contentUrl":"https:\/\/ibizaexplorer.com\/wp-content\/uploads\/2025\/03\/96125_IBIZA-EXPLORER_Flat_RT_KC_15-scaled.webp","width":2560,"height":1463,"caption":"Ibiza Explorer"},"image":{"@id":"https:\/\/ibizaexplorer.com\/fr\/#\/schema\/logo\/image\/"},"sameAs":["https:\/\/www.facebook.com\/people\/Ibiza-Explorer\/61554155201270"]}]}</script>
<!-- / Yoast SEO plugin. -->

Louez bateau Ibiza Capelli pour 8h de navigation. Confort, style et liberté avec ou sans skipper, départ depuis le port d’Ibiza.
